{"id":3,"date":"2024-01-25T18:13:52","date_gmt":"2024-01-25T18:13:52","guid":{"rendered":"http:\/\/evolluxor.com\/?page_id=3"},"modified":"2025-01-02T15:44:41","modified_gmt":"2025-01-02T15:44:41","slug":"politica-privacidade","status":"publish","type":"page","link":"https:\/\/evolluxor.com\/index.php\/politica-privacidade\/","title":{"rendered":"Pol\u00edtica de privacidade"},"content":{"rendered":"\t\t<div data-elementor-type=\"wp-page\" data-elementor-id=\"3\" class=\"elementor elementor-3\" data-elementor-post-type=\"page\">\n\t\t\t\t<div class=\"elementor-element elementor-element-018b914 e-flex e-con-boxed e-con e-parent\" data-id=\"018b914\" data-element_type=\"container\" data-e-type=\"container\" data-settings=\"{&quot;background_background&quot;:&quot;classic&quot;}\">\n\t\t\t\t\t<div class=\"e-con-inner\">\n\t\t\t\t\t<\/div>\n\t\t\t\t<\/div>\n\t\t<div class=\"elementor-element elementor-element-42cad306 e-flex e-con-boxed e-con e-parent\" data-id=\"42cad306\" data-element_type=\"container\" data-e-type=\"container\">\n\t\t\t\t\t<div class=\"e-con-inner\">\n\t\t\t\t<div class=\"elementor-element elementor-element-1f9dce86 elementor-widget elementor-widget-text-editor\" data-id=\"1f9dce86\" data-element_type=\"widget\" data-e-type=\"widget\" data-widget_type=\"text-editor.default\">\n\t\t\t\t<div class=\"elementor-widget-container\">\n\t\t\t\t\t\t\t\t\t\n<p>A presente pol\u00edtica de privacidade abrange este website \u2013 www.evolluxor.com.<\/p>\n\n<p>Os dados n\u00e3o s\u00e3o processados para quaisquer outros fins que n\u00e3o os aqui especificados.<\/p>\n\n<p>\u00c9 reservado o direito de atualizar ou modificar sem aviso pr\u00e9vio a presente pol\u00edtica de privacidade de forma a adapt\u00e1-la com altera\u00e7\u00f5es legislativas, pelo que \u00e9 aconselhado a visita regularmente.<\/p>\n\n<p>\u00c9 considerado que os utilizadores est\u00e3o conscientes destas pol\u00edticas ao navegar em www.evolluxor.com.<\/p>\n\n<p>A sua privacidade \u00e9 importante para n\u00f3s. \u00c9 pol\u00edtica do Evolluxor respeitar a sua privacidade em rela\u00e7\u00e3o a qualquer informa\u00e7\u00e3o sua que possamos recolher no site www.evolluxor.com e outros sites que possu\u00edmos e operamos.<\/p>\n\n<p>Solicitamos informa\u00e7\u00f5es pessoais apenas quando realmente precisamos delas para lhe fornecer um servi\u00e7o. Fazemo-lo por meios justos e legais, com o seu conhecimento e consentimento. Tamb\u00e9m informamos por que estamos recolhendo e como ser\u00e1 usado.<\/p>\n\n<p>Apenas retemos as informa\u00e7\u00f5es pelo tempo necess\u00e1rio para fornecer o servi\u00e7o solicitado. Quando armazenamos dados, protegemos dentro de meios comercialmente aceit\u00e1veis \u200b\u200bpara evitar perdas e roubos, bem como acesso, divulga\u00e7\u00e3o, c\u00f3pia, uso ou modifica\u00e7\u00e3o n\u00e3o autorizados.<\/p>\n\n<p>N\u00e3o compartilhamos informa\u00e7\u00f5es de identifica\u00e7\u00e3o pessoal publicamente ou com terceiros, exceto quando exigido por lei.<\/p>\n\n<p>O nosso site pode ter links para sites externos que n\u00e3o s\u00e3o operados por n\u00f3s. Esteja ciente de que n\u00e3o temos controle sobre o conte\u00fado e pr\u00e1ticas desses sites e n\u00e3o podemos aceitar responsabilidade por suas respectivas pol\u00edticas de privacidade.<\/p>\n\n<p>Voc\u00ea \u00e9 livre para recusar a nossa solicita\u00e7\u00e3o de informa\u00e7\u00f5es pessoais, entendendo que talvez n\u00e3o possamos fornecer alguns dos servi\u00e7os desejados.<\/p>\n\n<p>O uso continuado do nosso site ser\u00e1 considerado como aceita\u00e7\u00e3o das nossas pr\u00e1ticas em torno de privacidade e informa\u00e7\u00f5es pessoais. Se tiver alguma d\u00favida sobre como lidamos com dados do utilizador e informa\u00e7\u00f5es pessoais, entre em contacto connosco.<\/p>\n\n<h2 class=\"wp-block-heading\">Dados Pessoais<\/h2>\n\n<p>De acordo com Regulamento Geral da Prote\u00e7\u00e3o de Dados (RGPD) da UE, entende-se por dados pessoais: \u201cQualquer informa\u00e7\u00e3o relativa a uma pessoa singular identificada ou identific\u00e1vel (\u201ctitular da informa\u00e7\u00e3o\u201d); uma pessoa singular identific\u00e1vel \u00e9 aquela que pode ser identificada, direta ou indiretamente, em particular por refer\u00eancia a um identificador, como um nome, um n\u00famero de identifica\u00e7\u00e3o, dados de localiza\u00e7\u00e3o, um identificador online ou a um ou mais fatores espec\u00edficos do f\u00edsico, fisiol\u00f3gico, identidade gen\u00e9tica, mental, econ\u00f3mica, cultural ou social dessa pessoa natural.\u201d<\/p>\n\n<h2 class=\"wp-block-heading\"><strong>Recolha de Dados<\/strong><\/h2>\n\n<p>Enquanto visitante do website, n\u00e3o \u00e9 necess\u00e1rio fornecer quaisquer dados pessoais para utiliza\u00e7\u00e3o.<\/p>\n\n<p><strong>\u2013 Recolha Directa: <\/strong>Os dados pessoais dos utilizadores s\u00e3o recolhidos (Nome e Email) apenas quando \u00e9 realizado um pedido de informa\u00e7\u00f5es de contacto, de modo que seja poss\u00edvel responder ao esclarecimento solicitado.<\/p>\n\n<p><strong>\u2013 Recolha Indireta: <\/strong>Atrav\u00e9s do Google Analytics \u00e9 monitorizada a informa\u00e7\u00e3o estat\u00edstica relativa \u00e0 utiliza\u00e7\u00e3o de dados agregados: origem geogr\u00e1fica (cidade, pa\u00eds), tipo de dispositivo, sistema operativo, browser, operadora e acessos. A utiliza\u00e7\u00e3o destes dados, n\u00e3o cont\u00eam dados de identifica\u00e7\u00e3o pessoal ou informa\u00e7\u00e3o privada.<\/p>\n\n<h3 class=\"wp-block-heading\"><strong>Finalidades dos Dados recolhidos<\/strong><\/h3>\n\n<p>Exclusivamente para processamento dos pedidos de informa\u00e7\u00f5es de contacto dos utilizadores nos \u201cFormul\u00e1rios de Contacto\u201c, e n\u00e3o ser\u00e3o utilizados para qualquer outro processamento, inclusive Marketing Direto.<\/p>\n\n<p>Os dados recolhidos nos restantes formul\u00e1rios ser\u00e3o processados para fins de Email Marketing, e n\u00e3o ser\u00e3o utilizados para qualquer outro processamento.<\/p>\n\n<h3 class=\"wp-block-heading\">Consentimento<\/h3>\n\n<p>Ao consentir esta pol\u00edtica de privacidade, est\u00e1 a dar permiss\u00e3o para processar os seus dados pessoais, especificamente para os fins identificados e selecionados.<\/p>\n\n<h3 class=\"wp-block-heading\"><strong>Direitos do Utilizador<\/strong><\/h3>\n\n<p>Todo o conte\u00fado prestado nos pedidos de informa\u00e7\u00f5es de contacto s\u00e3o para as finalidades determinadas, garantindo ao titular o acesso, a atualiza\u00e7\u00e3o, a retifica\u00e7\u00e3o e a elimina\u00e7\u00e3o dos seus dados.<\/p>\n\n<h3 class=\"wp-block-heading\"><strong>Partilha dos Dados<\/strong><\/h3>\n\n<p>Todos os dados fornecidos, n\u00e3o s\u00e3o divulgados nem comunicados a terceiros sem o consentimento, sejam eles parceiros ou servi\u00e7os de nuvem, exceto quando tal for exigido por lei.<\/p>\n\n<h3 class=\"wp-block-heading\"><strong>Armazenamento dos Dados<\/strong><\/h3>\n\n<p>Todos os dados relativos a este website www.evolluxor.com s\u00e3o guardados em servidores localizados na Uni\u00e3o Europeia. Estes servidores s\u00e3o protegidos e mantidos de acordo com standards de seguran\u00e7a, por forma a respeitar as leis de privacidade aplic\u00e1veis.<\/p>\n\n<h3 class=\"wp-block-heading\"><strong>Links para P\u00e1ginas Web<\/strong><\/h3>\n\n<p>Existem links para p\u00e1ginas web de entidades terceiras que podem ser de interesse para o utilizador, n\u00e3o sendo este site responsabilizo pela forma \u00e0 qual estas entidades tratam a prote\u00e7\u00e3o da privacidade e dos dados.<\/p>\n\n<h2 class=\"wp-block-heading\">Direitos dos Utilizadores<\/h2>\n\n<p>O utilizador pode exercer, a todo o tempo, os seus direitos de acesso, retifica\u00e7\u00e3o, apagamento, limita\u00e7\u00e3o, oposi\u00e7\u00e3o e portabilidade, atrav\u00e9s de solicita\u00e7\u00e3o por qualquer dos seguintes meios:<\/p>\n\n<p><strong>Correio:<br \/><\/strong>Largo Leonor faria gomes, 2770-108 Pa\u00e7o d\u2019arcos<\/p>\n\n<p><strong>E-mail:<\/strong><strong><br \/><\/strong>geral@evolluxor.com<\/p>\n\n<p>Sempre que n\u00e3o esteja em causa nenhuma exig\u00eancia legal de arquivo de documenta\u00e7\u00e3o, o titular poder\u00e1 ainda apresentar reclama\u00e7\u00f5es sobre o tratamento de dados junto da Comiss\u00e3o Nacional de Prote\u00e7\u00e3o de Dados.<\/p>\n\n<h2 class=\"wp-block-heading\">Pol\u00edtica de Cookies<\/h2>\n\n<p>O Evolluxor usa cookies que permitem melhorar a sua experi\u00eancia de navega\u00e7\u00e3o.<\/p>\n\n<h3 class=\"wp-block-heading\">O que s\u00e3o cookies<\/h3>\n\n<p>Um cookie \u00e9 um pequeno ficheiro de texto que um site Web instala no seu computador ou dispositivo m\u00f3vel quando o visita. Os cookies de origem s\u00e3o instalados pelo site que est\u00e1 a visitar, s\u00f3 podendo ser lidos por esse site. Al\u00e9m disso, o site pode usar servi\u00e7os externos que tamb\u00e9m definem os seus pr\u00f3prios cookies, os quais se denominam de cookies de terceiros. Os cookies de sess\u00e3o s\u00e3o apagados quando fecha o seu navegador. Por\u00e9m, os cookies persistentes s\u00e3o guardados no seu computador e n\u00e3o s\u00e3o automaticamente apagados quando fecha navegador.<\/p>\n\n<h3 class=\"wp-block-heading\">Quais os tipos de cookies usados?<\/h3>\n\n<p><strong>Cookies estritamente necess\u00e1rios<\/strong><strong><br \/><\/strong>Estes cookies s\u00e3o essenciais para garantir a seguran\u00e7a do site, para que funcione corretamente e para permitir ao utilizador consultar o site de uma forma amig\u00e1vel.<\/p>\n\n<p>Os cookies estritamente necess\u00e1rios podem ser instalados sem o consentimento do utilizador, pois s\u00e3o essenciais ao normal funcionamento do site. Desligar os cookies pode impedir a utiliza\u00e7\u00e3o de algumas funcionalidades do site.<\/p>\n\n<p><strong>Cookies anal\u00edticos anonimizados<\/strong><\/p>\n\n<p>Estes cookies permitem contabilizar visitantes e a sua origem, para que possamos analisar e melhorar o desempenho do site. Ajudam a identificar as p\u00e1ginas mais e menos visitadas e como os visitantes se movem no site. Todas as informa\u00e7\u00f5es recolhidas por estes cookies s\u00e3o agregadas e, por conseguinte, anonimizadas.<\/p>\n\n<p>O objetivo destes cookies \u00e9 assegurar a melhoria e a adapta\u00e7\u00e3o din\u00e2mica do site. As informa\u00e7\u00f5es estat\u00edsticas sobre o n\u00famero de visitantes de uma determinada p\u00e1gina do site permitem adequ\u00e1-lo \u00e0 utiliza\u00e7\u00e3o dos seus utilizadores, adaptando funcionalidades e conte\u00fados.\u00a0<\/p>\n\n<p>Sem estes cookies, n\u00e3o saber\u00edamos quando o utilizador visitou o site e, com o tempo, estar\u00edamos impossibilitados de fazer as melhorias necess\u00e1rias que decorrem da sua navega\u00e7\u00e3o.<br \/><br \/>Alguns dos cookies de desempenho que utilizamos:<\/p>\n\n<p>A <strong>Google Analytics<\/strong> \u00e9 gerida pela Google, Inc. sociedade com sede em Delaware, 1600 Amphitheatre Parkway, Mountain View (Calif\u00f3rnia), CA 94043 EUA. A Google Analytics recolhe as intera\u00e7\u00f5es dos utilizadores no presente site, para efeitos estat\u00edsticos de n\u00famero de p\u00e1ginas vistas, intera\u00e7\u00f5es, p\u00e1ginas visitadas, dura\u00e7\u00e3o m\u00e9dia das visitas, % de regresso, % de novas visitas, n\u00famero de novos visitantes e recorr\u00eancia, bem como alguns dados demogr\u00e1ficos como s\u00e3o, l\u00edngua, pa\u00eds e cidade e fonte. A Google Analytics n\u00e3o faculta \u00e0 titular quaisquer informa\u00e7\u00f5es sobre o IP real do utilizador.<\/p>\n\n<p><strong>Cookies de publicidade<\/strong><\/p>\n\n<p>Estes cookies registam a sua atividade online e podem ser usados pelos nossos parceiros de publicidade para construir um perfil a partir dos seus interesses e apresentar publicidade relevante para si noutros sites ou mesmo limitar o n\u00famero de vezes que um an\u00fancio lhe \u00e9 mostrado. N\u00e3o armazenam diretamente informa\u00e7\u00f5es pessoais, pois s\u00e3o baseados na identifica\u00e7\u00e3o exclusiva do seu browser e dispositivo de internet. T\u00eam uma vida \u00fatil m\u00e1xima de 24 meses. Ao permitir estes cookies, ter\u00e1 acesso a publicidade mais direcionada.<\/p>\n\n<p>Estes cookies apenas s\u00e3o instalados ap\u00f3s o consentimento do utilizador.<\/p>\n\n<p>Alguns dos cookies de publicidade que utilizamos:<\/p>\n\n<p><strong>Facebook (Facebook Pixel)<\/strong><strong><br \/><\/strong>O Facebook utiliza cookies para recolher informa\u00e7\u00f5es sobre as pessoas que usam os seus produtos, assim como as que interagem com os an\u00fancios, sites e aplica\u00e7\u00f5es dos seus anunciantes e empresas que usam os produtos do Facebook.<\/p>\n\n<p>Para mais informa\u00e7\u00e3o, consulte sua pol\u00edtica de cookies do Facebook em <a href=\"https:\/\/www.facebook.com\/policies\/cookies\/\">https:\/\/www.facebook.com\/policies\/cookies\/<\/a>.<\/p>\n\n<p><strong>GoogleAds<\/strong><\/p>\n\n<p>A Google utiliza cookies para tornar a publicidade mais atrativa para os utilizadores e mais valiosa para editores e anunciantes. Esses cookies s\u00e3o normalmente usados para selecionar publicidade com base no que \u00e9 relevante para um utilizador, melhorar os relat\u00f3rios sobre o desempenho de uma campanha e para evitar a exibi\u00e7\u00e3o de an\u00fancios j\u00e1 vistos pelo utilizador.<\/p>\n\n<p>Cada vez que visita o site www.evolluxor.com \u00e9-lhe pedido que aceite ou recuse os cookies. Pode recusar o armazenamento de cookies, atrav\u00e9s de ferramentas do seu browser, acedendo \u00e0s configura\u00e7\u00f5es de privacidade e selecionando a op\u00e7\u00e3o que permite desativar a aceita\u00e7\u00e3o autom\u00e1tica de cookies.<\/p>\n\n<p>Se pretender saber mais sobre os cookies, visite o site www.allaboutcookies.org, onde poder\u00e1 saber como gerir as configura\u00e7\u00f5es para os v\u00e1rios navegadores web. Caso opte por desativar o cookies, lembre-se que tal pode afetar a sua experi\u00eancia de navega\u00e7\u00e3o no site, de forma parcial ou total.<\/p>\n\n<p>Para mais informa\u00e7\u00f5es, contacte-nos para: geral@evolluxor.<\/p>\n\t\t\t\t\t\t\t\t<\/div>\n\t\t\t\t<\/div>\n\t\t\t\t\t<\/div>\n\t\t\t\t<\/div>\n\t\t\t\t<\/div>\n\t\t","protected":false},"excerpt":{"rendered":"<p>A presente pol\u00edtica de privacidade abrange este website \u2013 www.evolluxor.com. Os dados n\u00e3o s\u00e3o processados para quaisquer outros fins que n\u00e3o os aqui especificados. \u00c9 reservado o direito de atualizar ou modificar sem aviso pr\u00e9vio a presente pol\u00edtica de privacidade de forma a adapt\u00e1-la com altera\u00e7\u00f5es legislativas, pelo que \u00e9 aconselhado a visita regularmente. \u00c9 [&hellip;]<\/p>\n","protected":false},"author":1,"featured_media":0,"parent":0,"menu_order":0,"comment_status":"closed","ping_status":"open","template":"elementor_header_footer","meta":{"footnotes":""},"class_list":["post-3","page","type-page","status-publish","hentry"],"yoast_head":"<!-- This site is optimized with the Yoast SEO plugin v27.4 - https:\/\/yoast.com\/product\/yoast-seo-wordpress\/ -->\n<title>Pol\u00edtica de privacidade - evolluxor.com<\/title>\n<meta name=\"robots\" content=\"index, follow, max-snippet:-1, max-image-preview:large, max-video-preview:-1\" \/>\n<link rel=\"canonical\" href=\"https:\/\/evolluxor.com\/index.php\/politica-privacidade\/\" \/>\n<meta property=\"og:locale\" content=\"pt_PT\" \/>\n<meta property=\"og:type\" content=\"article\" \/>\n<meta property=\"og:title\" content=\"Pol\u00edtica de privacidade - evolluxor.com\" \/>\n<meta property=\"og:description\" content=\"A presente pol\u00edtica de privacidade abrange este website \u2013 www.evolluxor.com. Os dados n\u00e3o s\u00e3o processados para quaisquer outros fins que n\u00e3o os aqui especificados. \u00c9 reservado o direito de atualizar ou modificar sem aviso pr\u00e9vio a presente pol\u00edtica de privacidade de forma a adapt\u00e1-la com altera\u00e7\u00f5es legislativas, pelo que \u00e9 aconselhado a visita regularmente. \u00c9 [&hellip;]\" \/>\n<meta property=\"og:url\" content=\"https:\/\/evolluxor.com\/index.php\/politica-privacidade\/\" \/>\n<meta property=\"og:site_name\" content=\"evolluxor.com\" \/>\n<meta property=\"article:modified_time\" content=\"2025-01-02T15:44:41+00:00\" \/>\n<meta name=\"twitter:card\" content=\"summary_large_image\" \/>\n<meta name=\"twitter:label1\" content=\"Tempo estimado de leitura\" \/>\n\t<meta name=\"twitter:data1\" content=\"8 minutos\" \/>\n<script type=\"application\/ld+json\" class=\"yoast-schema-graph\">{\"@context\":\"https:\\\/\\\/schema.org\",\"@graph\":[{\"@type\":\"WebPage\",\"@id\":\"https:\\\/\\\/evolluxor.com\\\/index.php\\\/politica-privacidade\\\/\",\"url\":\"https:\\\/\\\/evolluxor.com\\\/index.php\\\/politica-privacidade\\\/\",\"name\":\"Pol\u00edtica de privacidade - evolluxor.com\",\"isPartOf\":{\"@id\":\"https:\\\/\\\/evolluxor.com\\\/#website\"},\"datePublished\":\"2024-01-25T18:13:52+00:00\",\"dateModified\":\"2025-01-02T15:44:41+00:00\",\"breadcrumb\":{\"@id\":\"https:\\\/\\\/evolluxor.com\\\/index.php\\\/politica-privacidade\\\/#breadcrumb\"},\"inLanguage\":\"pt-PT\",\"potentialAction\":[{\"@type\":\"ReadAction\",\"target\":[\"https:\\\/\\\/evolluxor.com\\\/index.php\\\/politica-privacidade\\\/\"]}]},{\"@type\":\"BreadcrumbList\",\"@id\":\"https:\\\/\\\/evolluxor.com\\\/index.php\\\/politica-privacidade\\\/#breadcrumb\",\"itemListElement\":[{\"@type\":\"ListItem\",\"position\":1,\"name\":\"Home\",\"item\":\"https:\\\/\\\/evolluxor.com\\\/\"},{\"@type\":\"ListItem\",\"position\":2,\"name\":\"Pol\u00edtica de privacidade\"}]},{\"@type\":\"WebSite\",\"@id\":\"https:\\\/\\\/evolluxor.com\\\/#website\",\"url\":\"https:\\\/\\\/evolluxor.com\\\/\",\"name\":\"evolluxor.com\",\"description\":\"A revolu\u00e7\u00e3o do bem-estar\",\"publisher\":{\"@id\":\"https:\\\/\\\/evolluxor.com\\\/#organization\"},\"potentialAction\":[{\"@type\":\"SearchAction\",\"target\":{\"@type\":\"EntryPoint\",\"urlTemplate\":\"https:\\\/\\\/evolluxor.com\\\/?s={search_term_string}\"},\"query-input\":{\"@type\":\"PropertyValueSpecification\",\"valueRequired\":true,\"valueName\":\"search_term_string\"}}],\"inLanguage\":\"pt-PT\"},{\"@type\":\"Organization\",\"@id\":\"https:\\\/\\\/evolluxor.com\\\/#organization\",\"name\":\"evolluxor.com\",\"url\":\"https:\\\/\\\/evolluxor.com\\\/\",\"logo\":{\"@type\":\"ImageObject\",\"inLanguage\":\"pt-PT\",\"@id\":\"https:\\\/\\\/evolluxor.com\\\/#\\\/schema\\\/logo\\\/image\\\/\",\"url\":\"https:\\\/\\\/evolluxor.com\\\/wp-content\\\/uploads\\\/2024\\\/11\\\/Ativo-2@2x.png\",\"contentUrl\":\"https:\\\/\\\/evolluxor.com\\\/wp-content\\\/uploads\\\/2024\\\/11\\\/Ativo-2@2x.png\",\"width\":2161,\"height\":2161,\"caption\":\"evolluxor.com\"},\"image\":{\"@id\":\"https:\\\/\\\/evolluxor.com\\\/#\\\/schema\\\/logo\\\/image\\\/\"}}]}<\/script>\n<!-- \/ Yoast SEO plugin. -->","yoast_head_json":{"title":"Pol\u00edtica de privacidade - evolluxor.com","robots":{"index":"index","follow":"follow","max-snippet":"max-snippet:-1","max-image-preview":"max-image-preview:large","max-video-preview":"max-video-preview:-1"},"canonical":"https:\/\/evolluxor.com\/index.php\/politica-privacidade\/","og_locale":"pt_PT","og_type":"article","og_title":"Pol\u00edtica de privacidade - evolluxor.com","og_description":"A presente pol\u00edtica de privacidade abrange este website \u2013 www.evolluxor.com. Os dados n\u00e3o s\u00e3o processados para quaisquer outros fins que n\u00e3o os aqui especificados. \u00c9 reservado o direito de atualizar ou modificar sem aviso pr\u00e9vio a presente pol\u00edtica de privacidade de forma a adapt\u00e1-la com altera\u00e7\u00f5es legislativas, pelo que \u00e9 aconselhado a visita regularmente. \u00c9 [&hellip;]","og_url":"https:\/\/evolluxor.com\/index.php\/politica-privacidade\/","og_site_name":"evolluxor.com","article_modified_time":"2025-01-02T15:44:41+00:00","twitter_card":"summary_large_image","twitter_misc":{"Tempo estimado de leitura":"8 minutos"},"schema":{"@context":"https:\/\/schema.org","@graph":[{"@type":"WebPage","@id":"https:\/\/evolluxor.com\/index.php\/politica-privacidade\/","url":"https:\/\/evolluxor.com\/index.php\/politica-privacidade\/","name":"Pol\u00edtica de privacidade - evolluxor.com","isPartOf":{"@id":"https:\/\/evolluxor.com\/#website"},"datePublished":"2024-01-25T18:13:52+00:00","dateModified":"2025-01-02T15:44:41+00:00","breadcrumb":{"@id":"https:\/\/evolluxor.com\/index.php\/politica-privacidade\/#breadcrumb"},"inLanguage":"pt-PT","potentialAction":[{"@type":"ReadAction","target":["https:\/\/evolluxor.com\/index.php\/politica-privacidade\/"]}]},{"@type":"BreadcrumbList","@id":"https:\/\/evolluxor.com\/index.php\/politica-privacidade\/#breadcrumb","itemListElement":[{"@type":"ListItem","position":1,"name":"Home","item":"https:\/\/evolluxor.com\/"},{"@type":"ListItem","position":2,"name":"Pol\u00edtica de privacidade"}]},{"@type":"WebSite","@id":"https:\/\/evolluxor.com\/#website","url":"https:\/\/evolluxor.com\/","name":"evolluxor.com","description":"A revolu\u00e7\u00e3o do bem-estar","publisher":{"@id":"https:\/\/evolluxor.com\/#organization"},"potentialAction":[{"@type":"SearchAction","target":{"@type":"EntryPoint","urlTemplate":"https:\/\/evolluxor.com\/?s={search_term_string}"},"query-input":{"@type":"PropertyValueSpecification","valueRequired":true,"valueName":"search_term_string"}}],"inLanguage":"pt-PT"},{"@type":"Organization","@id":"https:\/\/evolluxor.com\/#organization","name":"evolluxor.com","url":"https:\/\/evolluxor.com\/","logo":{"@type":"ImageObject","inLanguage":"pt-PT","@id":"https:\/\/evolluxor.com\/#\/schema\/logo\/image\/","url":"https:\/\/evolluxor.com\/wp-content\/uploads\/2024\/11\/Ativo-2@2x.png","contentUrl":"https:\/\/evolluxor.com\/wp-content\/uploads\/2024\/11\/Ativo-2@2x.png","width":2161,"height":2161,"caption":"evolluxor.com"},"image":{"@id":"https:\/\/evolluxor.com\/#\/schema\/logo\/image\/"}}]}},"_links":{"self":[{"href":"https:\/\/evolluxor.com\/index.php\/wp-json\/wp\/v2\/pages\/3","targetHints":{"allow":["GET"]}}],"collection":[{"href":"https:\/\/evolluxor.com\/index.php\/wp-json\/wp\/v2\/pages"}],"about":[{"href":"https:\/\/evolluxor.com\/index.php\/wp-json\/wp\/v2\/types\/page"}],"author":[{"embeddable":true,"href":"https:\/\/evolluxor.com\/index.php\/wp-json\/wp\/v2\/users\/1"}],"replies":[{"embeddable":true,"href":"https:\/\/evolluxor.com\/index.php\/wp-json\/wp\/v2\/comments?post=3"}],"version-history":[{"count":4,"href":"https:\/\/evolluxor.com\/index.php\/wp-json\/wp\/v2\/pages\/3\/revisions"}],"predecessor-version":[{"id":1745,"href":"https:\/\/evolluxor.com\/index.php\/wp-json\/wp\/v2\/pages\/3\/revisions\/1745"}],"wp:attachment":[{"href":"https:\/\/evolluxor.com\/index.php\/wp-json\/wp\/v2\/media?parent=3"}],"curies":[{"name":"wp","href":"https:\/\/api.w.org\/{rel}","templated":true}]}}