{"id":1987,"date":"2025-02-06T15:44:24","date_gmt":"2025-02-06T15:44:24","guid":{"rendered":"https:\/\/evolluxor.com\/?page_id=1987"},"modified":"2025-02-06T18:47:06","modified_gmt":"2025-02-06T18:47:06","slug":"saldanha-obrigado","status":"publish","type":"page","link":"https:\/\/evolluxor.com\/index.php\/saldanha-obrigado\/","title":{"rendered":"Saldanha Obrigado"},"content":{"rendered":"\t\t<div data-elementor-type=\"wp-page\" data-elementor-id=\"1987\" class=\"elementor elementor-1987\" data-elementor-post-type=\"page\">\n\t\t\t\t<div class=\"elementor-element elementor-element-0aaee37 e-flex e-con-boxed e-con e-parent\" data-id=\"0aaee37\" data-element_type=\"container\" data-e-type=\"container\" data-settings=\"{&quot;background_background&quot;:&quot;classic&quot;}\">\n\t\t\t\t\t<div class=\"e-con-inner\">\n\t\t\t\t<div class=\"elementor-element elementor-element-af20a6e elementor-widget elementor-widget-image\" data-id=\"af20a6e\" data-element_type=\"widget\" data-e-type=\"widget\" data-widget_type=\"image.default\">\n\t\t\t\t<div class=\"elementor-widget-container\">\n\t\t\t\t\t\t\t\t\t\t\t\t\t\t\t<img decoding=\"async\" width=\"515\" height=\"74\" src=\"https:\/\/evolluxor.com\/wp-content\/uploads\/2024\/11\/a2137c140a409f9a1859c36a6529a674.png\" class=\"attachment-large size-large wp-image-83\" alt=\"\" srcset=\"https:\/\/evolluxor.com\/wp-content\/uploads\/2024\/11\/a2137c140a409f9a1859c36a6529a674.png 515w, https:\/\/evolluxor.com\/wp-content\/uploads\/2024\/11\/a2137c140a409f9a1859c36a6529a674-300x43.png 300w\" sizes=\"(max-width: 515px) 100vw, 515px\" \/>\t\t\t\t\t\t\t\t\t\t\t\t\t\t\t<\/div>\n\t\t\t\t<\/div>\n\t\t\t\t<div class=\"elementor-element elementor-element-763224b elementor-widget__width-initial elementor-widget-mobile__width-inherit elementor-invisible elementor-widget elementor-widget-heading\" data-id=\"763224b\" data-element_type=\"widget\" data-e-type=\"widget\" data-settings=\"{&quot;_animation&quot;:&quot;fadeInDown&quot;}\" data-widget_type=\"heading.default\">\n\t\t\t\t<div class=\"elementor-widget-container\">\n\t\t\t\t\t<h1 class=\"elementor-heading-title elementor-size-default\">O teu lugar est\u00e1 quase garantido!<\/h1>\t\t\t\t<\/div>\n\t\t\t\t<\/div>\n\t\t\t\t<div class=\"elementor-element elementor-element-e8b2b08 elementor-widget__width-initial elementor-widget elementor-widget-text-editor\" data-id=\"e8b2b08\" data-element_type=\"widget\" data-e-type=\"widget\" data-widget_type=\"text-editor.default\">\n\t\t\t\t<div class=\"elementor-widget-container\">\n\t\t\t\t\t\t\t\t\t<p>Recebemos a tua inscri\u00e7\u00e3o para te tornares um dos <strong>primeiros 20 s\u00f3cios fundadores do Evolluxor Saldanha<\/strong>.<\/p><p>A nossa equipa entrar\u00e1 em contacto contigo em breve para confirmar os detalhes e garantir a tua oferta exclusiva.<\/p><p>\ud83d\udccd <strong>Vemo-nos em breve no Evolluxor Saldanha!<\/strong><\/p>\t\t\t\t\t\t\t\t<\/div>\n\t\t\t\t<\/div>\n\t\t\t\t<div class=\"elementor-element elementor-element-d284b1d elementor-widget__width-initial elementor-widget-mobile__width-inherit elementor-invisible elementor-widget elementor-widget-heading\" data-id=\"d284b1d\" data-element_type=\"widget\" data-e-type=\"widget\" data-settings=\"{&quot;_animation&quot;:&quot;fadeInDown&quot;}\" data-widget_type=\"heading.default\">\n\t\t\t\t<div class=\"elementor-widget-container\">\n\t\t\t\t\t<h1 class=\"elementor-heading-title elementor-size-default\">Entretanto, j\u00e1 nos segues nas redes?<\/h1>\t\t\t\t<\/div>\n\t\t\t\t<\/div>\n\t\t\t\t<div class=\"elementor-element elementor-element-cc48fab e-grid-align-left elementor-shape-rounded elementor-grid-0 elementor-widget elementor-widget-social-icons\" data-id=\"cc48fab\" data-element_type=\"widget\" data-e-type=\"widget\" data-widget_type=\"social-icons.default\">\n\t\t\t\t<div class=\"elementor-widget-container\">\n\t\t\t\t\t\t\t<div class=\"elementor-social-icons-wrapper elementor-grid\" role=\"list\">\n\t\t\t\t\t\t\t<span class=\"elementor-grid-item\" role=\"listitem\">\n\t\t\t\t\t<a class=\"elementor-icon elementor-social-icon elementor-social-icon-instagram elementor-animation-grow elementor-repeater-item-12ca080\" href=\"https:\/\/www.instagram.com\/evolluxor\/\" target=\"_blank\">\n\t\t\t\t\t\t<span class=\"elementor-screen-only\">Instagram<\/span>\n\t\t\t\t\t\t<svg aria-hidden=\"true\" class=\"e-font-icon-svg e-fab-instagram\" viewBox=\"0 0 448 512\" xmlns=\"http:\/\/www.w3.org\/2000\/svg\"><path d=\"M224.1 141c-63.6 0-114.9 51.3-114.9 114.9s51.3 114.9 114.9 114.9S339 319.5 339 255.9 287.7 141 224.1 141zm0 189.6c-41.1 0-74.7-33.5-74.7-74.7s33.5-74.7 74.7-74.7 74.7 33.5 74.7 74.7-33.6 74.7-74.7 74.7zm146.4-194.3c0 14.9-12 26.8-26.8 26.8-14.9 0-26.8-12-26.8-26.8s12-26.8 26.8-26.8 26.8 12 26.8 26.8zm76.1 27.2c-1.7-35.9-9.9-67.7-36.2-93.9-26.2-26.2-58-34.4-93.9-36.2-37-2.1-147.9-2.1-184.9 0-35.8 1.7-67.6 9.9-93.9 36.1s-34.4 58-36.2 93.9c-2.1 37-2.1 147.9 0 184.9 1.7 35.9 9.9 67.7 36.2 93.9s58 34.4 93.9 36.2c37 2.1 147.9 2.1 184.9 0 35.9-1.7 67.7-9.9 93.9-36.2 26.2-26.2 34.4-58 36.2-93.9 2.1-37 2.1-147.8 0-184.8zM398.8 388c-7.8 19.6-22.9 34.7-42.6 42.6-29.5 11.7-99.5 9-132.1 9s-102.7 2.6-132.1-9c-19.6-7.8-34.7-22.9-42.6-42.6-11.7-29.5-9-99.5-9-132.1s-2.6-102.7 9-132.1c7.8-19.6 22.9-34.7 42.6-42.6 29.5-11.7 99.5-9 132.1-9s102.7-2.6 132.1 9c19.6 7.8 34.7 22.9 42.6 42.6 11.7 29.5 9 99.5 9 132.1s2.7 102.7-9 132.1z\"><\/path><\/svg>\t\t\t\t\t<\/a>\n\t\t\t\t<\/span>\n\t\t\t\t\t\t\t<span class=\"elementor-grid-item\" role=\"listitem\">\n\t\t\t\t\t<a class=\"elementor-icon elementor-social-icon elementor-social-icon-facebook elementor-animation-grow elementor-repeater-item-17fd87e\" href=\"https:\/\/www.facebook.com\/evolluxor\" target=\"_blank\">\n\t\t\t\t\t\t<span class=\"elementor-screen-only\">Facebook<\/span>\n\t\t\t\t\t\t<svg aria-hidden=\"true\" class=\"e-font-icon-svg e-fab-facebook\" viewBox=\"0 0 512 512\" xmlns=\"http:\/\/www.w3.org\/2000\/svg\"><path d=\"M504 256C504 119 393 8 256 8S8 119 8 256c0 123.78 90.69 226.38 209.25 245V327.69h-63V256h63v-54.64c0-62.15 37-96.48 93.67-96.48 27.14 0 55.52 4.84 55.52 4.84v61h-31.28c-30.8 0-40.41 19.12-40.41 38.73V256h68.78l-11 71.69h-57.78V501C413.31 482.38 504 379.78 504 256z\"><\/path><\/svg>\t\t\t\t\t<\/a>\n\t\t\t\t<\/span>\n\t\t\t\t\t<\/div>\n\t\t\t\t\t\t<\/div>\n\t\t\t\t<\/div>\n\t\t\t\t\t<\/div>\n\t\t\t\t<\/div>\n\t\t<div class=\"elementor-element elementor-element-6920e85 e-flex e-con-boxed e-con e-parent\" data-id=\"6920e85\" data-element_type=\"container\" data-e-type=\"container\">\n\t\t\t\t\t<div class=\"e-con-inner\">\n\t\t<div class=\"elementor-element elementor-element-df075e0 e-con-full e-flex e-con e-child\" data-id=\"df075e0\" data-element_type=\"container\" data-e-type=\"container\" data-settings=\"{&quot;background_background&quot;:&quot;classic&quot;}\">\n\t\t<div class=\"elementor-element elementor-element-27f5a72 e-con-full e-flex e-con e-child\" data-id=\"27f5a72\" data-element_type=\"container\" data-e-type=\"container\">\n\t\t\t\t<div class=\"elementor-element elementor-element-29290fa elementor-widget elementor-widget-heading\" data-id=\"29290fa\" data-element_type=\"widget\" data-e-type=\"widget\" data-widget_type=\"heading.default\">\n\t\t\t\t<div class=\"elementor-widget-container\">\n\t\t\t\t\t<h2 class=\"elementor-heading-title elementor-size-default\">Contactos<\/h2>\t\t\t\t<\/div>\n\t\t\t\t<\/div>\n\t\t\t\t<div class=\"elementor-element elementor-element-d7c3f7b elementor-widget elementor-widget-text-editor\" data-id=\"d7c3f7b\" data-element_type=\"widget\" data-e-type=\"widget\" data-widget_type=\"text-editor.default\">\n\t\t\t\t<div class=\"elementor-widget-container\">\n\t\t\t\t\t\t\t\t\t<p>geral@evolluxor.com<\/p><p>(+351) 910 298 442<\/p>\t\t\t\t\t\t\t\t<\/div>\n\t\t\t\t<\/div>\n\t\t\t\t<div class=\"elementor-element elementor-element-5e227f4 e-grid-align-left elementor-shape-rounded elementor-grid-0 elementor-widget elementor-widget-social-icons\" data-id=\"5e227f4\" data-element_type=\"widget\" data-e-type=\"widget\" data-widget_type=\"social-icons.default\">\n\t\t\t\t<div class=\"elementor-widget-container\">\n\t\t\t\t\t\t\t<div class=\"elementor-social-icons-wrapper elementor-grid\" role=\"list\">\n\t\t\t\t\t\t\t<span class=\"elementor-grid-item\" role=\"listitem\">\n\t\t\t\t\t<a class=\"elementor-icon elementor-social-icon elementor-social-icon-instagram elementor-animation-grow elementor-repeater-item-12ca080\" href=\"https:\/\/www.instagram.com\/evolluxor\/\" target=\"_blank\">\n\t\t\t\t\t\t<span class=\"elementor-screen-only\">Instagram<\/span>\n\t\t\t\t\t\t<svg aria-hidden=\"true\" class=\"e-font-icon-svg e-fab-instagram\" viewBox=\"0 0 448 512\" xmlns=\"http:\/\/www.w3.org\/2000\/svg\"><path d=\"M224.1 141c-63.6 0-114.9 51.3-114.9 114.9s51.3 114.9 114.9 114.9S339 319.5 339 255.9 287.7 141 224.1 141zm0 189.6c-41.1 0-74.7-33.5-74.7-74.7s33.5-74.7 74.7-74.7 74.7 33.5 74.7 74.7-33.6 74.7-74.7 74.7zm146.4-194.3c0 14.9-12 26.8-26.8 26.8-14.9 0-26.8-12-26.8-26.8s12-26.8 26.8-26.8 26.8 12 26.8 26.8zm76.1 27.2c-1.7-35.9-9.9-67.7-36.2-93.9-26.2-26.2-58-34.4-93.9-36.2-37-2.1-147.9-2.1-184.9 0-35.8 1.7-67.6 9.9-93.9 36.1s-34.4 58-36.2 93.9c-2.1 37-2.1 147.9 0 184.9 1.7 35.9 9.9 67.7 36.2 93.9s58 34.4 93.9 36.2c37 2.1 147.9 2.1 184.9 0 35.9-1.7 67.7-9.9 93.9-36.2 26.2-26.2 34.4-58 36.2-93.9 2.1-37 2.1-147.8 0-184.8zM398.8 388c-7.8 19.6-22.9 34.7-42.6 42.6-29.5 11.7-99.5 9-132.1 9s-102.7 2.6-132.1-9c-19.6-7.8-34.7-22.9-42.6-42.6-11.7-29.5-9-99.5-9-132.1s-2.6-102.7 9-132.1c7.8-19.6 22.9-34.7 42.6-42.6 29.5-11.7 99.5-9 132.1-9s102.7-2.6 132.1 9c19.6 7.8 34.7 22.9 42.6 42.6 11.7 29.5 9 99.5 9 132.1s2.7 102.7-9 132.1z\"><\/path><\/svg>\t\t\t\t\t<\/a>\n\t\t\t\t<\/span>\n\t\t\t\t\t\t\t<span class=\"elementor-grid-item\" role=\"listitem\">\n\t\t\t\t\t<a class=\"elementor-icon elementor-social-icon elementor-social-icon-facebook elementor-animation-grow elementor-repeater-item-17fd87e\" href=\"https:\/\/www.facebook.com\/evolluxor\" target=\"_blank\">\n\t\t\t\t\t\t<span class=\"elementor-screen-only\">Facebook<\/span>\n\t\t\t\t\t\t<svg aria-hidden=\"true\" class=\"e-font-icon-svg e-fab-facebook\" viewBox=\"0 0 512 512\" xmlns=\"http:\/\/www.w3.org\/2000\/svg\"><path d=\"M504 256C504 119 393 8 256 8S8 119 8 256c0 123.78 90.69 226.38 209.25 245V327.69h-63V256h63v-54.64c0-62.15 37-96.48 93.67-96.48 27.14 0 55.52 4.84 55.52 4.84v61h-31.28c-30.8 0-40.41 19.12-40.41 38.73V256h68.78l-11 71.69h-57.78V501C413.31 482.38 504 379.78 504 256z\"><\/path><\/svg>\t\t\t\t\t<\/a>\n\t\t\t\t<\/span>\n\t\t\t\t\t<\/div>\n\t\t\t\t\t\t<\/div>\n\t\t\t\t<\/div>\n\t\t\t\t<\/div>\n\t\t<div class=\"elementor-element elementor-element-ccef668 e-con-full e-flex e-con e-child\" data-id=\"ccef668\" data-element_type=\"container\" data-e-type=\"container\">\n\t\t\t\t<div class=\"elementor-element elementor-element-31be894 logo-footer elementor-widget__width-inherit elementor-widget elementor-widget-image\" data-id=\"31be894\" data-element_type=\"widget\" data-e-type=\"widget\" data-widget_type=\"image.default\">\n\t\t\t\t<div class=\"elementor-widget-container\">\n\t\t\t\t\t\t\t\t\t\t\t\t\t\t\t<img decoding=\"async\" src=\"https:\/\/evolluxor.com\/wp-content\/uploads\/elementor\/thumbs\/RGBEvolluxor-Logomark-Orig-1-qydexyhjhkyarnjon41rcw85etptl1nv3nokxxpasw.png\" title=\"(RGB)Evolluxor &#8211; Logomark &#8211; Orig\" alt=\"(RGB)Evolluxor - Logomark - Orig\" loading=\"lazy\" \/>\t\t\t\t\t\t\t\t\t\t\t\t\t\t\t<\/div>\n\t\t\t\t<\/div>\n\t\t\t\t<div class=\"elementor-element elementor-element-75bd291 elementor-widget__width-inherit elementor-widget elementor-widget-text-editor\" data-id=\"75bd291\" data-element_type=\"widget\" data-e-type=\"widget\" data-widget_type=\"text-editor.default\">\n\t\t\t\t<div class=\"elementor-widget-container\">\n\t\t\t\t\t\t\t\t\t<p>Evolluxor \u00ae <br \/>Todos os direitos reservados \u00a9 2024<\/p>\t\t\t\t\t\t\t\t<\/div>\n\t\t\t\t<\/div>\n\t\t\t\t<\/div>\n\t\t<div class=\"elementor-element elementor-element-527dd42 e-con-full e-flex e-con e-child\" data-id=\"527dd42\" data-element_type=\"container\" data-e-type=\"container\">\n\t\t\t\t<div class=\"elementor-element elementor-element-3724082 elementor-widget-tablet__width-inherit elementor-widget__width-inherit elementor-widget elementor-widget-heading\" data-id=\"3724082\" data-element_type=\"widget\" data-e-type=\"widget\" data-widget_type=\"heading.default\">\n\t\t\t\t<div class=\"elementor-widget-container\">\n\t\t\t\t\t<h2 class=\"elementor-heading-title elementor-size-default\">Links \u00fateis<\/h2>\t\t\t\t<\/div>\n\t\t\t\t<\/div>\n\t\t\t\t<div class=\"elementor-element elementor-element-7792742 elementor-widget-tablet__width-inherit link-footer  elementor-widget__width-inherit elementor-widget elementor-widget-text-editor\" data-id=\"7792742\" data-element_type=\"widget\" data-e-type=\"widget\" data-widget_type=\"text-editor.default\">\n\t\t\t\t<div class=\"elementor-widget-container\">\n\t\t\t\t\t\t\t\t\t<p><a href=\"https:\/\/evolluxor.com\/index.php\/politica-privacidade\/\">Pol\u00edtica de privacidade<\/a><br \/><a href=\"https:\/\/www.livroreclamacoes.pt\/inicio\/\">Livro de reclama\u00e7\u00f5es<\/a><br \/><a href=\"https:\/\/evolluxor.com\/index.php\/parceiros-2\/\">Ser parceiro<\/a><br \/><a href=\"https:\/\/evolluxor.com\/index.php\/contactos\/\">Contactos<\/a><\/p>\t\t\t\t\t\t\t\t<\/div>\n\t\t\t\t<\/div>\n\t\t\t\t<div class=\"elementor-element elementor-element-41e1be0 elementor-widget-tablet__width-inherit link-footer  elementor-widget elementor-widget-text-editor\" data-id=\"41e1be0\" data-element_type=\"widget\" data-e-type=\"widget\" data-widget_type=\"text-editor.default\">\n\t\t\t\t<div class=\"elementor-widget-container\">\n\t\t\t\t\t\t\t\t\t<p>Design by <a class=\"link-footer\" href=\"https:\/\/mariashamuitas.com\/\" target=\"_blank\" rel=\"noopener\">Marias h\u00e1 muitas<\/a><\/p>\t\t\t\t\t\t\t\t<\/div>\n\t\t\t\t<\/div>\n\t\t\t\t<\/div>\n\t\t\t\t<\/div>\n\t\t\t\t\t<\/div>\n\t\t\t\t<\/div>\n\t\t\t\t<\/div>\n\t\t","protected":false},"excerpt":{"rendered":"<p>O teu lugar est\u00e1 quase garantido! Recebemos a tua inscri\u00e7\u00e3o para te tornares um dos primeiros 20 s\u00f3cios fundadores do Evolluxor Saldanha. A nossa equipa entrar\u00e1 em contacto contigo em breve para confirmar os detalhes e garantir a tua oferta exclusiva. \ud83d\udccd Vemo-nos em breve no Evolluxor Saldanha! Entretanto, j\u00e1 nos segues nas redes? Instagram [&hellip;]<\/p>\n","protected":false},"author":1,"featured_media":0,"parent":0,"menu_order":0,"comment_status":"closed","ping_status":"closed","template":"elementor_canvas","meta":{"footnotes":""},"class_list":["post-1987","page","type-page","status-publish","hentry"],"yoast_head":"<!-- This site is optimized with the Yoast SEO plugin v27.4 - https:\/\/yoast.com\/product\/yoast-seo-wordpress\/ -->\n<title>Saldanha Obrigado - evolluxor.com<\/title>\n<meta name=\"robots\" content=\"index, follow, max-snippet:-1, max-image-preview:large, max-video-preview:-1\" \/>\n<link rel=\"canonical\" href=\"https:\/\/evolluxor.com\/index.php\/saldanha-obrigado\/\" \/>\n<meta property=\"og:locale\" content=\"pt_PT\" \/>\n<meta property=\"og:type\" content=\"article\" \/>\n<meta property=\"og:title\" content=\"Saldanha Obrigado - evolluxor.com\" \/>\n<meta property=\"og:description\" content=\"O teu lugar est\u00e1 quase garantido! Recebemos a tua inscri\u00e7\u00e3o para te tornares um dos primeiros 20 s\u00f3cios fundadores do Evolluxor Saldanha. A nossa equipa entrar\u00e1 em contacto contigo em breve para confirmar os detalhes e garantir a tua oferta exclusiva. \ud83d\udccd Vemo-nos em breve no Evolluxor Saldanha! Entretanto, j\u00e1 nos segues nas redes? Instagram [&hellip;]\" \/>\n<meta property=\"og:url\" content=\"https:\/\/evolluxor.com\/index.php\/saldanha-obrigado\/\" \/>\n<meta property=\"og:site_name\" content=\"evolluxor.com\" \/>\n<meta property=\"article:modified_time\" content=\"2025-02-06T18:47:06+00:00\" \/>\n<meta property=\"og:image\" content=\"https:\/\/evolluxor.com\/wp-content\/uploads\/2024\/11\/a2137c140a409f9a1859c36a6529a674.png\" \/>\n\t<meta property=\"og:image:width\" content=\"515\" \/>\n\t<meta property=\"og:image:height\" content=\"74\" \/>\n\t<meta property=\"og:image:type\" content=\"image\/png\" \/>\n<meta name=\"twitter:card\" content=\"summary_large_image\" \/>\n<meta name=\"twitter:label1\" content=\"Tempo estimado de leitura\" \/>\n\t<meta name=\"twitter:data1\" content=\"1 minuto\" \/>\n<script type=\"application\/ld+json\" class=\"yoast-schema-graph\">{\"@context\":\"https:\\\/\\\/schema.org\",\"@graph\":[{\"@type\":\"WebPage\",\"@id\":\"https:\\\/\\\/evolluxor.com\\\/index.php\\\/saldanha-obrigado\\\/\",\"url\":\"https:\\\/\\\/evolluxor.com\\\/index.php\\\/saldanha-obrigado\\\/\",\"name\":\"Saldanha Obrigado - evolluxor.com\",\"isPartOf\":{\"@id\":\"https:\\\/\\\/evolluxor.com\\\/#website\"},\"primaryImageOfPage\":{\"@id\":\"https:\\\/\\\/evolluxor.com\\\/index.php\\\/saldanha-obrigado\\\/#primaryimage\"},\"image\":{\"@id\":\"https:\\\/\\\/evolluxor.com\\\/index.php\\\/saldanha-obrigado\\\/#primaryimage\"},\"thumbnailUrl\":\"https:\\\/\\\/evolluxor.com\\\/wp-content\\\/uploads\\\/2024\\\/11\\\/a2137c140a409f9a1859c36a6529a674.png\",\"datePublished\":\"2025-02-06T15:44:24+00:00\",\"dateModified\":\"2025-02-06T18:47:06+00:00\",\"breadcrumb\":{\"@id\":\"https:\\\/\\\/evolluxor.com\\\/index.php\\\/saldanha-obrigado\\\/#breadcrumb\"},\"inLanguage\":\"pt-PT\",\"potentialAction\":[{\"@type\":\"ReadAction\",\"target\":[\"https:\\\/\\\/evolluxor.com\\\/index.php\\\/saldanha-obrigado\\\/\"]}]},{\"@type\":\"ImageObject\",\"inLanguage\":\"pt-PT\",\"@id\":\"https:\\\/\\\/evolluxor.com\\\/index.php\\\/saldanha-obrigado\\\/#primaryimage\",\"url\":\"https:\\\/\\\/evolluxor.com\\\/wp-content\\\/uploads\\\/2024\\\/11\\\/a2137c140a409f9a1859c36a6529a674.png\",\"contentUrl\":\"https:\\\/\\\/evolluxor.com\\\/wp-content\\\/uploads\\\/2024\\\/11\\\/a2137c140a409f9a1859c36a6529a674.png\",\"width\":515,\"height\":74},{\"@type\":\"BreadcrumbList\",\"@id\":\"https:\\\/\\\/evolluxor.com\\\/index.php\\\/saldanha-obrigado\\\/#breadcrumb\",\"itemListElement\":[{\"@type\":\"ListItem\",\"position\":1,\"name\":\"Home\",\"item\":\"https:\\\/\\\/evolluxor.com\\\/\"},{\"@type\":\"ListItem\",\"position\":2,\"name\":\"Saldanha Obrigado\"}]},{\"@type\":\"WebSite\",\"@id\":\"https:\\\/\\\/evolluxor.com\\\/#website\",\"url\":\"https:\\\/\\\/evolluxor.com\\\/\",\"name\":\"evolluxor.com\",\"description\":\"A revolu\u00e7\u00e3o do bem-estar\",\"publisher\":{\"@id\":\"https:\\\/\\\/evolluxor.com\\\/#organization\"},\"potentialAction\":[{\"@type\":\"SearchAction\",\"target\":{\"@type\":\"EntryPoint\",\"urlTemplate\":\"https:\\\/\\\/evolluxor.com\\\/?s={search_term_string}\"},\"query-input\":{\"@type\":\"PropertyValueSpecification\",\"valueRequired\":true,\"valueName\":\"search_term_string\"}}],\"inLanguage\":\"pt-PT\"},{\"@type\":\"Organization\",\"@id\":\"https:\\\/\\\/evolluxor.com\\\/#organization\",\"name\":\"evolluxor.com\",\"url\":\"https:\\\/\\\/evolluxor.com\\\/\",\"logo\":{\"@type\":\"ImageObject\",\"inLanguage\":\"pt-PT\",\"@id\":\"https:\\\/\\\/evolluxor.com\\\/#\\\/schema\\\/logo\\\/image\\\/\",\"url\":\"https:\\\/\\\/evolluxor.com\\\/wp-content\\\/uploads\\\/2024\\\/11\\\/Ativo-2@2x.png\",\"contentUrl\":\"https:\\\/\\\/evolluxor.com\\\/wp-content\\\/uploads\\\/2024\\\/11\\\/Ativo-2@2x.png\",\"width\":2161,\"height\":2161,\"caption\":\"evolluxor.com\"},\"image\":{\"@id\":\"https:\\\/\\\/evolluxor.com\\\/#\\\/schema\\\/logo\\\/image\\\/\"}}]}<\/script>\n<!-- \/ Yoast SEO plugin. -->","yoast_head_json":{"title":"Saldanha Obrigado - evolluxor.com","robots":{"index":"index","follow":"follow","max-snippet":"max-snippet:-1","max-image-preview":"max-image-preview:large","max-video-preview":"max-video-preview:-1"},"canonical":"https:\/\/evolluxor.com\/index.php\/saldanha-obrigado\/","og_locale":"pt_PT","og_type":"article","og_title":"Saldanha Obrigado - evolluxor.com","og_description":"O teu lugar est\u00e1 quase garantido! Recebemos a tua inscri\u00e7\u00e3o para te tornares um dos primeiros 20 s\u00f3cios fundadores do Evolluxor Saldanha. A nossa equipa entrar\u00e1 em contacto contigo em breve para confirmar os detalhes e garantir a tua oferta exclusiva. \ud83d\udccd Vemo-nos em breve no Evolluxor Saldanha! Entretanto, j\u00e1 nos segues nas redes? Instagram [&hellip;]","og_url":"https:\/\/evolluxor.com\/index.php\/saldanha-obrigado\/","og_site_name":"evolluxor.com","article_modified_time":"2025-02-06T18:47:06+00:00","og_image":[{"width":515,"height":74,"url":"https:\/\/evolluxor.com\/wp-content\/uploads\/2024\/11\/a2137c140a409f9a1859c36a6529a674.png","type":"image\/png"}],"twitter_card":"summary_large_image","twitter_misc":{"Tempo estimado de leitura":"1 minuto"},"schema":{"@context":"https:\/\/schema.org","@graph":[{"@type":"WebPage","@id":"https:\/\/evolluxor.com\/index.php\/saldanha-obrigado\/","url":"https:\/\/evolluxor.com\/index.php\/saldanha-obrigado\/","name":"Saldanha Obrigado - evolluxor.com","isPartOf":{"@id":"https:\/\/evolluxor.com\/#website"},"primaryImageOfPage":{"@id":"https:\/\/evolluxor.com\/index.php\/saldanha-obrigado\/#primaryimage"},"image":{"@id":"https:\/\/evolluxor.com\/index.php\/saldanha-obrigado\/#primaryimage"},"thumbnailUrl":"https:\/\/evolluxor.com\/wp-content\/uploads\/2024\/11\/a2137c140a409f9a1859c36a6529a674.png","datePublished":"2025-02-06T15:44:24+00:00","dateModified":"2025-02-06T18:47:06+00:00","breadcrumb":{"@id":"https:\/\/evolluxor.com\/index.php\/saldanha-obrigado\/#breadcrumb"},"inLanguage":"pt-PT","potentialAction":[{"@type":"ReadAction","target":["https:\/\/evolluxor.com\/index.php\/saldanha-obrigado\/"]}]},{"@type":"ImageObject","inLanguage":"pt-PT","@id":"https:\/\/evolluxor.com\/index.php\/saldanha-obrigado\/#primaryimage","url":"https:\/\/evolluxor.com\/wp-content\/uploads\/2024\/11\/a2137c140a409f9a1859c36a6529a674.png","contentUrl":"https:\/\/evolluxor.com\/wp-content\/uploads\/2024\/11\/a2137c140a409f9a1859c36a6529a674.png","width":515,"height":74},{"@type":"BreadcrumbList","@id":"https:\/\/evolluxor.com\/index.php\/saldanha-obrigado\/#breadcrumb","itemListElement":[{"@type":"ListItem","position":1,"name":"Home","item":"https:\/\/evolluxor.com\/"},{"@type":"ListItem","position":2,"name":"Saldanha Obrigado"}]},{"@type":"WebSite","@id":"https:\/\/evolluxor.com\/#website","url":"https:\/\/evolluxor.com\/","name":"evolluxor.com","description":"A revolu\u00e7\u00e3o do bem-estar","publisher":{"@id":"https:\/\/evolluxor.com\/#organization"},"potentialAction":[{"@type":"SearchAction","target":{"@type":"EntryPoint","urlTemplate":"https:\/\/evolluxor.com\/?s={search_term_string}"},"query-input":{"@type":"PropertyValueSpecification","valueRequired":true,"valueName":"search_term_string"}}],"inLanguage":"pt-PT"},{"@type":"Organization","@id":"https:\/\/evolluxor.com\/#organization","name":"evolluxor.com","url":"https:\/\/evolluxor.com\/","logo":{"@type":"ImageObject","inLanguage":"pt-PT","@id":"https:\/\/evolluxor.com\/#\/schema\/logo\/image\/","url":"https:\/\/evolluxor.com\/wp-content\/uploads\/2024\/11\/Ativo-2@2x.png","contentUrl":"https:\/\/evolluxor.com\/wp-content\/uploads\/2024\/11\/Ativo-2@2x.png","width":2161,"height":2161,"caption":"evolluxor.com"},"image":{"@id":"https:\/\/evolluxor.com\/#\/schema\/logo\/image\/"}}]}},"_links":{"self":[{"href":"https:\/\/evolluxor.com\/index.php\/wp-json\/wp\/v2\/pages\/1987","targetHints":{"allow":["GET"]}}],"collection":[{"href":"https:\/\/evolluxor.com\/index.php\/wp-json\/wp\/v2\/pages"}],"about":[{"href":"https:\/\/evolluxor.com\/index.php\/wp-json\/wp\/v2\/types\/page"}],"author":[{"embeddable":true,"href":"https:\/\/evolluxor.com\/index.php\/wp-json\/wp\/v2\/users\/1"}],"replies":[{"embeddable":true,"href":"https:\/\/evolluxor.com\/index.php\/wp-json\/wp\/v2\/comments?post=1987"}],"version-history":[{"count":16,"href":"https:\/\/evolluxor.com\/index.php\/wp-json\/wp\/v2\/pages\/1987\/revisions"}],"predecessor-version":[{"id":2062,"href":"https:\/\/evolluxor.com\/index.php\/wp-json\/wp\/v2\/pages\/1987\/revisions\/2062"}],"wp:attachment":[{"href":"https:\/\/evolluxor.com\/index.php\/wp-json\/wp\/v2\/media?parent=1987"}],"curies":[{"name":"wp","href":"https:\/\/api.w.org\/{rel}","templated":true}]}}